-312
In base 4, what is -1211 + 3?
-1202
In base 13, what is 5b2 + 4?
5b6
In base 10, what is 14 + -15?
-1
In base 4, what is 30 - -12?
102
In base 11, what is 5 + 67?
71
In base 16, what is -1 + -3f?
-40
In base 11, what is -196 + -3?
-199
In base 8, what is -4442 - 10?
-4452
In base 2, what is 110000 + 10011111?
11001111
In base 13, what is 2 - -216?
218
In base 13, what is -4b + 7?
-44
In base 2, what is -10010 + 1001?
-1001
In base 13, what is -123 - 5?
-128
In base 8, what is 43 + 5?
50
In base 15, what is bb50 + 3?
bb53
In base 4, what is -12303 + -10?
-12313
In base 6, what is 5124 + 1?
5125
In base 4, what is -112 - -10?
-102
In base 16, what is -23 - 8?
-2b
In base 16, what is 4b - -3?
4e
In base 6, what is -2 + 155?
153
In base 5, what is 10 + -211?
-201
In base 13, what is 3 + 24?
27
In base 11, what is 3 - 138?
-135
In base 12, what is -3 - -27a5?
27a2
In base 2, what is -11111111 - -11?
-11111100
In base 9, what is 24 + 665?
700
In base 16, what is 38 + 2?
3a
In base 3, what is 10202201 - -2?
10202210
In base 5, what is -120 - 104?
-224
In base 8, what is 265 + -112?
153
In base 11, what is -32 - -a?
-23
In base 10, what is -2649 - 4?
-2653
In base 9, what is -31 - -264?
233
In base 7, what is 1 + -160?
-156
In base 7, what is 6 + 23?
32
In base 16, what is -c6f + -1?
-c70
In base 7, what is 4 + 234?
241
In base 3, what is 1 + 1122210?
1122211
In base 3, what is -2010221 + 0?
-2010221
In base 14, what is c75 + 4?
c79
In base 7, what is -1444 + -3?
-1450
In base 7, what is 62 + 2?
64
In base 5, what is -1 + -334?
-340
In base 15, what is -2 - -45?
43
In base 15, what is 82 + -2?
80
In base 12, what is -727 - 16?
-741
In base 9, what is 5 - 26?
-21
In base 2, what is -100011 + -110000?
-1010011
In base 15, what is -5 - -5?
0
In base 9, what is 5 - 216?
-211
In base 14, what is -144 + 26?
-11c
In base 8, what is 443 + -3?
440
In base 7, what is 146 + -1?
145
In base 14, what is -cc + 2?
-ca
In base 8, what is 2 - 151?
-147
In base 15, what is 2e0 + -3?
2dc
In base 6, what is -41 + 153?
112
In base 13, what is 5 - 39?
-34
In base 4, what is 232331 - 2?
232323
In base 9, what is 225 + -4?
221
In base 14, what is -c9 + 11?
-b8
In base 3, what is 10 + 11112?
11122
In base 10, what is -2 - -155?
153
In base 7, what is 5 - -155?
163
In base 13, what is -1c - -2?
-1a
In base 15, what is 1b2 + 1?
1b3
In base 11, what is -2346 - 4?
-234a
In base 7, what is 2342 + -13?
2326
In base 10, what is -108 - -20?
-88
In base 5, what is -4 + -1101?
-1110
In base 4, what is 201 - -10?
211
In base 15, what is -3b - 5?
-41
In base 9, what is 564 + -18?
545
In base 6, what is 1253 + 5?
1302
In base 8, what is 0 - 27?
-27
In base 6, what is -15 - 4021?
-4040
In base 8, what is -56 - 143?
-221
In base 8, what is 10760 + 0?
10760
In base 5, what is -3040 + 4?
-3031
In base 14, what is b6 + -7?
ad
In base 6, what is -230 + 3?
-223
In base 9, what is -4 - -16?
12
In base 14, what is -324 + -6?
-32a
In base 15, what is -127 + 0?
-127
In base 14, what is 4 + -1034?
-1030
In base 11, what is -14 + -17?
-30
In base 2, what is 100111100 - -100?
101000000
In base 7, what is -1 - 2565?
-2566
In base 11, what is 32 + 8?
3a
In base 7, what is 1 + -6435?
-6434
In base 8, what is -37 + -5?
-44
In base 2, what is 1100 - -1001?
10101
In base 6, what is 413 - 13?
400
In base 9, what is -4 + 6651?
6646
In base 8, what is 27463 - -4?
27467
In base 2, what is 10010011 + -101?
10001110
In base 10, what is -3 - -7?
4
In base 9, what is 3 - -420?
423
In base 12, what is -69b - 2?
-6a1
In base 14, what is -19 - 10?
-29
In base 5, what is 4 - -3?
12
In base 13, what is 122 + 8?
12a
In base 6, what is 4 - -21322?
21330
In base 5, what is -1113 - 0?
-1113
In base 5, what is -2 + -1043?
-1100
In base 9, what is 320 - 15?
304
In base 11, what is -153 - -98?
-66
In base 12, what is -135b8 + 0?
-135b8
In base 6, what is -4 - 203?
-211
In base 3, what is -20120 + 1202?
-11211
In base 7, what is -2 + 215?
213
In base 9, what is 3 + 16?
20
In base 4, what is 13 - 10010?
-3331
In base 8, what is 135 - -4?
141
In base 9, what is 7043 - 5?
7037
In base 14, what is -3 - -6b?
68
In base 12, what is 3 - 140?
-139
In base 13, what is -6b - -3?
-68
In base 9, what is -4 + -12?
-16
In base 9, what is 2142 - -5?
2147
In base 9, what is 383 - -52?
445
In base 15, what is -49d2 - 1?
-49d3
In base 15, what is 5 - -d1?
d6
In base 2, what is -101 + 10011110?
10011001
In base 6, what is 1 - -1322?
1323
In base 2, what is -110101 - -100001?
-10100
In base 13, what is -1ba0 - -1?
-1b9c
In base 5, what is -31 - -110?
24
In base 8, what is 7514 - 0?
7514
In base 2, what is -101 - -1110?
1001
In base 14, what is 8 - -6?
10
In base 6, what is 1024 + 1?
1025
In base 2, what is 1110100011 + -101?
1110011110
In base 4, what is 303 + -1132?
-223
In base 14, what is 1586 - 5?
1581
In base 2, what is 100011101 - 0?
100011101
In base 6, what is 0 - -131?
131
In base 4, what is 113 - -10321?
11100
In base 9, what is 23 - -1?
24
In base 9, what is 142 - 5?
136
In base 16, what is 31a - -6?
320
In base 3, what is 22211 + -1011?
21200
In base 7, what is 4 + -260?
-253
In base 6, what is 30 + -35?
-5
In base 8, what is 5 + 1?
6
In base 16, what is 4d + -2?
4b
In base 9, what is -133 - 0?
-133
In base 4, what is 1 + 1112?
1113
In base 16, what is 10 - -1b?
2b
In base 15, what is -1 - 177?
-178
In base 2, what is 1 + 101?
110
In base 11, what is 5 - -91?
96
In base 4, what is 2 - -133323?
133331
In base 8, what is 55602 + -5?
55575
In base 12, what is -5 - 1019?
-1022
In base 2, what is 11 - 1000000?
-111101
In base 5, what is -102 + 3?
-44
In base 9, what is 7 - -53?
61
In base 9, what is -587 - -8?
-578
In base 5, what is -1120 - -14?
-1101
In base 6, what is 0 + -21200?
-21200
In base 3, what is 21100 + -11?
21012
In base 5, what is 213 + -10?
203
In base 3, what is 10 - -21202020?
21202100
In base 8, what is 5 - -7?
14
In base 16, what is -35b - -3?
-358
In base 10, what is 4051 - 1?
4050
In base 8, what is 5 - 2721?
-2714
In base 2, what is 1 - -101011?
101100
In base 16, what is 8 - 33?
-2b
In base 6, what is 424 - 1?
423
In base 3, what is 0 - -11012222?
11012222
In base 4, what is 1 - -2213?
2220
In base 13, what is 841 + 1?
842
In base 7, what is -16 + -2053?
-2102
In base 12, what is 3 - -146a?
1471
In base 2, what is -10 + 1100110000?
1100101110
In base 6, what is -130153 + 3?
-130150
In base 5, what is 0 - -200?
200
In base 13, what is -115 - 5?
-11a
In base 12, what is -112 + -8?
-11a
In base 14, what is 2a - -45?
71
In base 15, what is -2 + 740?
73d
In base 2, what is -10000110 + -11?
-10001001
In base 14, what is -24 + -2?
-26
In base 16, what is 2a1 + -5?
29c
In base 4, what is 0 - -1032?
1032
In base 15, what is 4 - 58?
-54
In base 2, what is 11 - 1010111100?
-1010111001
In base 6, what is -2 - -233?
231
In base 11, what is -1123 + -4?
-1127
In base 12, what is 0 + 3?
3
In base 14, what is -1 - 497?
-498
In base 2, what is -1100110100101 + 11?
-1100110100010
In base 14, what is 0 - -638?
638
In base 4, what is -11 + -21310?
-21321
In base 15, what is -1 - 10d9?
-10da
In base 15, what is 3 - -67?
6a
In base 6, what is -4104 - -5?
-4055
In base 9, what is 818 + 5?
824
In base 3, what is 22 - -2211?
10010
In base 2, what is 101011001 + -100?
101010101
In base 12, what is -733 + 5?
-72a
In base 4, what is -2 - 21?
-23
In base 5, what is 3214 - -2?
3221
In base 10, what is 10 - -8?
18
In base 3, what is -2221 + -1112?
-11110
In base 11, what is -1 - 135?
-136
In base 6, what is -4 + -10135?
-10143
In base 15, what is 70 - 2?
6d
In base 2, what is 1011 - 10000?
-101
In base 5, what is 1044 - 21?
1023
In base 12, what is 273 - -5?
278
In base 15, what is -1 - -e8?
e7
In base 3, what is -1001 + 100?
-201
In base 14, what is -1d + -5?
-24
In base 3, what is -1122222 + 11?
-1122211
In base 4, what is 1011020 + -11?
1011003
In base 8, what is -315 - 0?
-315
In base 5, what is 10001 + 3?
10004
In base 10, what is 0 + 94?
94
In base 5, what is -130 - 4?
-134
In base 13, what is 1c32 + -5?
1c2a
In base 16, what is a8 + -19?
8f
In base 15, what is -3e - -3?
-3b
In base 14, what is 66 + 6?
6c
In base 13, what is -140 + 8?
-135
In base 14, what is 1 - 37b?
-37a
In base 15, what is -2 + -3d0?
-3d2
In base 13, what is -ac28